+ -1230121?
-1230130
In base 13, what is -3 + -35?
-38
In base 3, what is -11 - -101011022?
101011011
In base 15, what is -30 + 3?
-2c
In base 11, what is -14 + -8?
-21
In base 7, what is 3 + -1125?
-1122
In base 10, what is -3 + 1983?
1980
In base 5, what is 33 + 403?
441
In base 6, what is 3 - -203?
210
In base 9, what is -55 + -1?
-56
In base 16, what is 1 - 13c?
-13b
In base 9, what is 5 - -1786?
1802
In base 13, what is -5 + -2cc2?
-2cc7
In base 5, what is 132 + -14?
113
In base 8, what is 204 + -42?
142
In base 4, what is 110333 + -2?
110331
In base 2, what is -11001 + 1011011?
1000010
In base 13, what is 76 + 65?
10b
In base 4, what is 11 + 0?
11
In base 8, what is 4 - 71?
-65
In base 13, what is -2 - 276?
-278
In base 8, what is 133 + 3?
136
In base 4, what is 13 - -1100?
1113
In base 9, what is 584 - 6?
577
In base 3, what is 1000201011 + -10?
1000201001
In base 14, what is -c - 2?
-10
In base 5, what is 11 - 0?
11
In base 14, what is -164 + 15?
-14d
In base 15, what is -591 + 2?
-58e
In base 8, what is 161 - 5?
154
In base 4, what is 11 - 32200?
-32123
In base 4, what is -331102 - -3?
-331033
In base 13, what is -6 + 9?
3
In base 3, what is 2 + 102?
111
In base 7, what is 4 - 152?
-145
In base 13, what is 1c + 1?
20
In base 13, what is -51aa + -1?
-51ab
In base 13, what is -950 + -4?
-954
In base 15, what is -2 - e8?
-ea
In base 6, what is 452 - -31?
523
In base 7, what is -26 + 5?
-21
In base 4, what is 123230 + 11?
123301
In base 6, what is 423 - -14?
441
In base 11, what is -19a + 5?
-195
In base 5, what is 4 - 2332?
-2323
In base 8, what is -305 + 1?
-304
In base 5, what is 1 + -3321?
-3320
In base 11, what is -302 - -4?
-2a9
In base 4, what is -11331 + 2?
-11323
In base 11, what is -2 - 96a?
-971
In base 8, what is 53 + 33?
106
In base 16, what is -3 - 9d?
-a0
In base 3, what is -10 - -11011?
11001
In base 12, what is -a + -320?
-32a
In base 7, what is 3 + -21?
-15
In base 6, what is -11 - 224?
-235
In base 16, what is 997 + 3?
99a
In base 6, what is -1 - -434?
433
In base 15, what is 0 + -6c?
-6c
In base 2, what is -11 + -100?
-111
In base 11, what is -33 - 4?
-37
In base 4, what is -23 + 3?
-20
In base 10, what is 3725 - -2?
3727
In base 12, what is -31 + -11?
-42
In base 14, what is 282 + -2?
280
In base 4, what is 1130 - 0?
1130
In base 13, what is -7 - 14c?
-156
In base 14, what is 6b + c?
79
In base 11, what is -1665 - 5?
-166a
In base 9, what is -247 + -4?
-252
In base 9, what is -5 + -13?
-18
In base 5, what is 3 - 40024?
-40021
In base 12, what is 6a - 90?
-22
In base 8, what is -74 - -1?
-73
In base 3, what is 221 + 2102?
10100
In base 15, what is -9 - -53?
49
In base 7, what is 1 + -62?
-61
In base 14, what is 4 - 52b?
-527
In base 10, what is 4404 + -1?
4403
In base 4, what is -22033 - -11?
-22022
In base 7, what is -10 - -655?
645
In base 8, what is 401 - -24?
425
In base 4, what is 21 + 33?
120
In base 16, what is -5 - -174?
16f
In base 2, what is 101011 + 1010?
110101
In base 13, what is 79 + -10?
69
In base 15, what is 15 + 34?
49
In base 10, what is -3 + -60?
-63
In base 6, what is 22 + -40?
-14
In base 13, what is 3cc + 5?
404
In base 10, what is 2 - 100?
-98
In base 10, what is 658 - -1?
659
In base 7, what is 2524 + -1?
2523
In base 14, what is 11 - -4?
15
In base 6, what is 3 - -154?
201
In base 11, what is -125 - -5?
-120
In base 15, what is -4 - 13e4?
-13e8
In base 2, what is -1011101 + -1001100?
-10101001
In base 4, what is 10 + -121312?
-121302
In base 6, what is -3013 + 3?
-3010
In base 10, what is 76 + -10?
66
In base 11, what is 7 + -864?
-858
In base 15, what is 98e - 5?
989
In base 15, what is 5 - -46?
4b
In base 4, what is 2131 + -10?
2121
In base 2, what is 110101001111001 - -11?
110101001111100
In base 14, what is -5 - 27b?
-282
In base 16, what is -17 - -1e?
7
In base 15, what is -bb + -2?
-bd
In base 2, what is -11 + 110001?
101110
In base 4, what is 132 - 2121?
-1323
In base 10, what is 4 - -16?
20
In base 11, what is a + -103?
-a4
In base 3, what is 12200 - 101?
12022
In base 8, what is 4 + 43?
47
In base 11, what is 3 - -119?
121
In base 13, what is 450 - -20?
470
In base 5, what is -1 - 102?
-103
In base 13, what is -1 + -c9b?
-c9c
In base 3, what is 11 + -101201?
-101120
In base 11, what is -40 - -17?
-24
In base 14, what is 1 - 32?
-31
In base 7, what is 35522 + -5?
35514
In base 16, what is -196c + 5?
-1967
In base 7, what is 3053 - -1?
3054
In base 14, what is c2 - 2?
c0
In base 15, what is -36 + -5?
-3b
In base 10, what is 618 + 5?
623
In base 2, what is 10 - 111000011?
-111000001
In base 12, what is -755 - -5?
-750
In base 16, what is 7 - d?
-6
In base 11, what is -1585 + -4?
-1589
In base 15, what is 11b - 4?
117
In base 15, what is 152 + 1?
153
In base 9, what is -125 - 6?
-132
In base 15, what is 29 + 15?
3e
In base 4, what is 10 + 1102?
1112
In base 11, what is -123 - 4?
-127
In base 10, what is 875 + 2?
877
In base 13, what is -5 - 791?
-796
In base 3, what is -1 + -1101012?
-1101020
In base 14, what is -a - 18?
-24
In base 16, what is -c9 - 2b?
-f4
In base 14, what is -13 - -10?
-3
In base 12, what is 5 - 192?
-189
In base 7, what is 623 - 3?
620
In base 16, what is 0 - -cd?
cd
In base 16, what is 3 + 1fd?
200
In base 11, what is a - 27?
-18
In base 2, what is -100 - 1000001010110?
-1000001011010
In base 5, what is -10 - -1441?
1431
In base 7, what is 244 + -1?
243
In base 4, what is -3 - 2?
-11
In base 10, what is -20 - -4?
-16
In base 2, what is -10 - 100100011?
-100100101
In base 16, what is -5 - 10?
-15
In base 15, what is -4 - 84e?
-853
In base 4, what is 1310 + -2?
1302
In base 11, what is -a10 + 2?
-a09
In base 11, what is -464 - 13?
-477
In base 8, what is -5 + -6536?
-6543
In base 3, what is 2 + 1200200?
1200202
In base 16, what is -28 + -a?
-32
In base 7, what is 3 + -3?
0
In base 11, what is -4 + 686?
682
In base 16, what is 8 - 6?
2
In base 6, what is 5 - -200?
205
In base 4, what is -2101 - -1?
-2100
In base 3, what is -2120200 + 0?
-2120200
In base 2, what is -1 - 11101010?
-11101011
In base 8, what is -1 - -1021?
1020
In base 16, what is 1587 - -1?
1588
In base 12, what is -244 - -5?
-23b
In base 4, what is 13321 + -1?
13320
In base 10, what is -23 + 810?
787
In base 13, what is -13 + 8?
-8
In base 7, what is 1 + -42?
-41
In base 3, what is 201020 - -1?
201021
In base 8, what is 102 - 215?
-113
In base 3, what is -10 - -1012?
1002
In base 16, what is -53 - 2?
-55
In base 12, what is -100 - 79?
-179
In base 5, what is 134 + -10000?
-4311
In base 4, what is -1112 + 0?
-1112
In base 9, what is 1537 - 2?
1535
In base 9, what is 13 + -8?
4
In base 6, what is 3 + 35?
42
In base 8, what is -3 - -15?
12
In base 10, what is -1984 - 3?
-1987
In base 5, what is -31 - 10?
-41
In base 15, what is -39 - 1b?
-55
In base 6, what is 4500 - -2?
4502
In base 13, what is -c4c + 4?
-c48
In base 8, what is -4 - 27?
-33
In base 13, what is 2 - c6?
-c4
In base 15, what is -5 - 28a?
-290
In base 16, what is 65 - 7?
5e
In base 11, what is 4 + -27?
-23
In base 4, what is 20 - 21?
-1
In base 3, what is 10 - -2?
12
In base 6, what is 2 + -152?
-150
In base 5, what is -20 - -230?
210
In base 5, what is -22 + -221?
-243
In base 10, what is 1 + -29?
-28
In base 6, what is -433 - 3?
-440
In base 6, what is 2 - -33?
35
In base 11, what is 11111 + -3?
11109
In base 14, what is 400d - -4?
4013
In base 10, what is 4 + -1595?
-1591
In base 8, what is -2616 - -3?
-2613
In base 5, what is 2 + -2022?
-2020
In base 7, what is 50236 - 4?
50232
In base 12, what is 35a - -36?
394
In base 14, what is 13 - -309?
31c
In base 8, what is -20 + -3?
-23
In base 10, what is 5 - 3870?
-3865
In base 6, what is -251 + 5?
-242
In base 12, what is -6 - 16?
-20
In base 10, what is 9013 + -2?
9011
In base 8, what is 67 - 3?
64
In base 8, what is -2 - 76?
-100
In base 3, what is 111211002 - 0?
111211002
In base 10, what is -335 + -1?
-336
In base 14, what is b - -3?
10
In base 5, what is 2213 + -32?
2131
In base 11, what is 4 - 97?
-93
In base 16, what is -4 - 422?
-426
In base 12, what is -9 + -1b?
-28
In base 5, what is 411 + -212?
144
In base 2, what is -11 + -11000010011?
-11000010110
In base 16, what is -1 - -2aa?
2a9
In base 8, what is 4565 - 3?
4562
In base 16, what is 3 - -25?
28
In base 7, what is 11 - -1?
12
